{"id":1172,"date":"2012-02-29T13:07:10","date_gmt":"2012-02-29T13:07:10","guid":{"rendered":"http:\/\/prominet.pl\/?page_id=1172"},"modified":"2021-04-15T11:42:23","modified_gmt":"2021-04-15T11:42:23","slug":"kurs-specjalista-public-relations","status":"publish","type":"page","link":"https:\/\/prominet.pl\/?page_id=1172","title":{"rendered":"Kurs Specjalista Public Relations"},"content":{"rendered":"<h1><span style=\"color: #800000;\">Kurs Specjalista Public Relations<\/span><\/h1>\n<p><span style=\"color: #800000;\"><strong><span style=\"text-decoration: underline;\">Czas trwania i spos\u00f3b organizacji kursu: <\/span><\/strong><\/span><\/p>\n<p>Kurs obejmuje 30 godzin lekcyjnych.<\/p>\n<p>Zaj\u0119cia s\u0105 prowadzone 2-3 razy w tygodniu w godzinach wieczornych 17.00-20.00<\/p>\n<p>przez 4 tygodnie.<\/p>\n<p>Formy realizacji: Szkolenie ma przede wszystkim charakter warsztatowy (\u0107wiczenia, gra, case study, przyk\u0142ad) poprzez analiz\u0119 do wniosk\u00f3w i planu dzia\u0142ania.<\/p>\n<p><span style=\"color: #800000;\"><strong><span style=\"text-decoration: underline;\">Wymagania wst\u0119pne dla uczestnik\u00f3w:<\/span><\/strong><\/span><\/p>\n<p>Uczestnikami kursu mog\u0105 by\u0107 osoby posiadaj\u0105ce wykszta\u0142cenie \u015brednie, maj\u0105ce uko\u0144czone 18 lat.<\/p>\n<p>Kurs adresowany jest do os\u00f3b, kt\u00f3re chc\u0105 zdoby\u0107 nowe kwalifikacje oraz poszerzy\u0107 swoj\u0105 wiedz\u0119 z zakresu PR.<\/p>\n<p><span style=\"color: #800000;\"><strong><span style=\"text-decoration: underline;\">Cele kszta\u0142cenia:<\/span><\/strong><\/span><\/p>\n<p>Celem&nbsp; kursu jest zdobycie wiedzy i umiej\u0119tno\u015bci w zakresie planowania, opracowywania, wdra\u017cania strategii PR dla swojej firmy i jej produkt\u00f3w.<\/p>\n<p>Uczestnicy kursu naucz\u0105 si\u0119 m.in.:<\/p>\n<ul>\n<li>jak stworzy\u0107 swoje miejsce pracy, aby skutecznie realizowa\u0107 PR,<\/li>\n<li>budowa\u0107 strategi\u0119 PR, czyli dzia\u0142a\u0107 planowo,<\/li>\n<li>budowa\u0107 komunikaty prasowe,<\/li>\n<li>nawi\u0105za\u0107 i utrzyma\u0107 relacje z mediami,<\/li>\n<li>poznaj\u0105 narz\u0119dzia i zasady komunikacji PR,<\/li>\n<li>zbierania informacji oraz dowiedz\u0105 si\u0119 jak je wykorzysta\u0107.<\/li>\n<\/ul>\n<p>&nbsp;<\/p>\n<p><span style=\"color: #800000;\"><strong><span style=\"text-decoration: underline;\">Tre\u015bci kszta\u0142cenia w zakresie poszczeg\u00f3lnych zaj\u0119\u0107 edukacyjnych:<\/span><\/strong><\/span><\/p>\n<p>1. &nbsp;Public Relations &#8211; podstawowe definicje, cele i dzia\u0142ania<\/p>\n<p>2. Budowanie strategii PR i jej skuteczne wdra\u017canie<\/p>\n<p>&#8211;&nbsp;&nbsp;&nbsp;&nbsp;&nbsp;&nbsp;&nbsp;&nbsp; Dostosowanie narz\u0119dzi PR do sytuacji i polityki firmy<\/p>\n<p>&#8211;&nbsp;&nbsp;&nbsp;&nbsp;&nbsp;&nbsp;&nbsp;&nbsp; Wizerunek i wiarygodno\u015b\u0107 firmy, w\u0142adz i produktu<\/p>\n<p>&#8211;&nbsp;&nbsp;&nbsp;&nbsp;&nbsp;&nbsp;&nbsp;&nbsp; Formy, obszary i strategie sponsoringu<\/p>\n<p>&#8211;&nbsp;&nbsp;&nbsp;&nbsp;&nbsp;&nbsp;&nbsp;&nbsp; Case study \u2013 analiza komunikacji wewn\u0119trznej i zewn\u0119trznej firmy<\/p>\n<p>&#8211;&nbsp;&nbsp;&nbsp;&nbsp;&nbsp;&nbsp;&nbsp;&nbsp; Tworzenie dzia\u0142u public relations w firmie<\/p>\n<p>3. Skuteczne komunikowanie si\u0119 firmy z otoczeniem<\/p>\n<p>&#8211;&nbsp;&nbsp;&nbsp;&nbsp;&nbsp;&nbsp;&nbsp;&nbsp; Zasady wsp\u00f3\u0142pracy z mediami i formu\u0142owanie przekazu korzystnego dla firmy i marki<\/p>\n<p>&#8211;&nbsp;&nbsp;&nbsp;&nbsp;&nbsp;&nbsp;&nbsp;&nbsp; Warsztat pisania tekst\u00f3w PR,<\/p>\n<p>&#8211;&nbsp;&nbsp;&nbsp;&nbsp;&nbsp;&nbsp;&nbsp;&nbsp; Organizacja spotka\u0144 i konferencji prasowych<\/p>\n<p>&#8211;&nbsp;&nbsp;&nbsp;&nbsp;&nbsp;&nbsp;&nbsp;&nbsp; Wykorzystanie narz\u0119dzi PR w Internecie<\/p>\n<p>4. Komunikacja i wywieranie wp\u0142ywu<\/p>\n<p>&#8211;&nbsp;&nbsp;&nbsp;&nbsp;&nbsp;&nbsp;&nbsp;&nbsp; Perswazyjne aspekty komunikacji &#8211; \u0107wiczenie umiej\u0119tno\u015bci nawi\u0105zywania wsp\u00f3\u0142pracy<\/p>\n<p>&#8211;&nbsp;&nbsp;&nbsp;&nbsp;&nbsp;&nbsp;&nbsp;&nbsp; Autoprezentacja<\/p>\n<p>&#8211;&nbsp;&nbsp;&nbsp;&nbsp;&nbsp;&nbsp;&nbsp;&nbsp; Komunikacja werbalna i niewerbalna, elementy mowy cia\u0142a<\/p>\n<p>&#8211;&nbsp;&nbsp;&nbsp;&nbsp;&nbsp;&nbsp;&nbsp;&nbsp; Etapy i techniki&nbsp; prowadzenia rozm\u00f3w z klientami<\/p>\n<p>&#8211;&nbsp;&nbsp;&nbsp;&nbsp;&nbsp;&nbsp;&nbsp;&nbsp; \u0106wiczenie asertywnych reakcji&nbsp; na zachowania napastliwe i roszczeniowe<\/p>\n<p>&#8211;&nbsp;&nbsp;&nbsp;&nbsp;&nbsp;&nbsp;&nbsp;&nbsp; Motywowanie do wsp\u00f3\u0142pracy &#8211; wykorzystanie warto\u015bci, potrzeb i interes\u00f3w klienta<\/p>\n<p>&#8211;&nbsp;&nbsp;&nbsp;&nbsp;&nbsp;&nbsp;&nbsp;&nbsp; Umiej\u0119tno\u015b\u0107 prezentowania produktu\/&nbsp; us\u0142ug firmy<\/p>\n<p>5. Podsumowanie<\/p>\n<p>&#8211;&nbsp;&nbsp;&nbsp;&nbsp;&nbsp;&nbsp;&nbsp;&nbsp; Znaczenie media relations dla komunikacji<\/p>\n<p>&#8211;&nbsp;&nbsp;&nbsp;&nbsp;&nbsp;&nbsp;&nbsp;&nbsp; Etyka &nbsp;i kodeks post\u0119powania zawodowego PR<\/p>\n<p>&#8211;&nbsp;&nbsp;&nbsp;&nbsp;&nbsp;&nbsp;&nbsp;&nbsp; R\u00f3\u017cnice w&nbsp; przekazie czyli jak prawid\u0142owo i skutecznie wykorzysta\u0107 r\u00f3\u017cne media do prezentacji firmy i jej polityki<\/p>\n","protected":false},"excerpt":{"rendered":"<p>Kurs Specjalista Public Relations Czas trwania i spos\u00f3b organizacji kursu: Kurs obejmuje 30 godzin lekcyjnych. Zaj\u0119cia s\u0105 prowadzone 2-3 razy w tygodniu w godzinach wieczornych 17.00-20.00 przez 4 tygodnie. Formy realizacji: Szkolenie ma przede wszystkim charakter warsztatowy (\u0107wiczenia, gra, case study, przyk\u0142ad) poprzez analiz\u0119 do wniosk\u00f3w i planu dzia\u0142ania. Wymagania wst\u0119pne dla uczestnik\u00f3w: Uczestnikami kursu &hellip; <a href=\"https:\/\/prominet.pl\/?page_id=1172\" class=\"more-link\">Continue reading<span class=\"screen-reader-text\"> &#8222;Kurs Specjalista Public Relations&#8221;<\/span><\/a><\/p>\n","protected":false},"author":1,"featured_media":0,"parent":421,"menu_order":52,"comment_status":"closed","ping_status":"open","template":"","meta":{"_monsterinsights_skip_tracking":false,"_monsterinsights_sitenote_active":false,"_monsterinsights_sitenote_note":"","_monsterinsights_sitenote_category":0,"_links_to":"","_links_to_target":""},"_links":{"self":[{"href":"https:\/\/prominet.pl\/index.php?rest_route=\/wp\/v2\/pages\/1172"}],"collection":[{"href":"https:\/\/prominet.pl\/index.php?rest_route=\/wp\/v2\/pages"}],"about":[{"href":"https:\/\/prominet.pl\/index.php?rest_route=\/wp\/v2\/types\/page"}],"author":[{"embeddable":true,"href":"https:\/\/prominet.pl\/index.php?rest_route=\/wp\/v2\/users\/1"}],"replies":[{"embeddable":true,"href":"https:\/\/prominet.pl\/index.php?rest_route=%2Fwp%2Fv2%2Fcomments&post=1172"}],"version-history":[{"count":8,"href":"https:\/\/prominet.pl\/index.php?rest_route=\/wp\/v2\/pages\/1172\/revisions"}],"predecessor-version":[{"id":2205,"href":"https:\/\/prominet.pl\/index.php?rest_route=\/wp\/v2\/pages\/1172\/revisions\/2205"}],"up":[{"embeddable":true,"href":"https:\/\/prominet.pl\/index.php?rest_route=\/wp\/v2\/pages\/421"}],"wp:attachment":[{"href":"https:\/\/prominet.pl\/index.php?rest_route=%2Fwp%2Fv2%2Fmedia&parent=1172"}],"curies":[{"name":"wp","href":"https:\/\/api.w.org\/{rel}","templated":true}]}}