{"id":1179,"date":"2012-02-29T13:26:54","date_gmt":"2012-02-29T13:26:54","guid":{"rendered":"http:\/\/prominet.pl\/?page_id=1179"},"modified":"2021-04-15T11:41:46","modified_gmt":"2021-04-15T11:41:46","slug":"kurs-specjalista-ds-marketingu-i-handlu","status":"publish","type":"page","link":"https:\/\/prominet.pl\/?page_id=1179","title":{"rendered":"Kurs Specjalista ds. Marketingu i Handlu"},"content":{"rendered":"<h1><span style=\"color: #00ccff;\">Kurs Specjalista ds. Marketingu i Handlu<\/span><\/h1>\n<p><span style=\"color: #00ccff;\"><strong><span style=\"text-decoration: underline;\">Czas trwania i spos\u00f3b organizacji kursu: <\/span><\/strong><\/span><\/p>\n<p>Kurs obejmuje 30 godzin lekcyjnych.<\/p>\n<p>Zaj\u0119cia s\u0105 prowadzone 2-3 razy w tygodniu w godzinach wieczornych 17.00-20.00<\/p>\n<p>przez 4 tygodnie.<\/p>\n<p>Formy realizacji: Szkolenie ma przede wszystkim charakter warsztatowy (\u0107wiczenia, gra, case study, przyk\u0142ad) poprzez analiz\u0119 do wniosk\u00f3w i planu dzia\u0142ania.<\/p>\n<p><span style=\"color: #00ccff;\"><strong><span style=\"text-decoration: underline;\">Wymagania wst\u0119pne dla uczestnik\u00f3w:<\/span><\/strong><\/span><\/p>\n<p>Uczestnikami kursu mog\u0105 by\u0107 osoby posiadaj\u0105ce wykszta\u0142cenie \u015brednie, maj\u0105ce uko\u0144czone 18 lat.<\/p>\n<p>Kurs adresowany jest do os\u00f3b, kt\u00f3re chc\u0105 zdoby\u0107 nowe kwalifikacje oraz poszerzy\u0107 swoj\u0105 wiedz\u0119 w zakresie marketingu.<\/p>\n<p><span style=\"color: #00ccff;\"><strong><span style=\"text-decoration: underline;\">Cele kszta\u0142cenia:<\/span><\/strong><\/span><\/p>\n<p>Celem&nbsp; kursu jest zdobycie wiedzy i umiej\u0119tno\u015bci w zakresie:<\/p>\n<ul>\n<li>opracowywania i koordynowania strategii i plan\u00f3w marketingowych,<\/li>\n<li>doskonalenia&nbsp; procesu sprzeda\u017cy w przedsi\u0119biorstwie,<\/li>\n<li>tworzenia mo\u017cliwo\u015bci rynkowych dla nowych i ju\u017c istniej\u0105cych towar\u00f3w i us\u0142ug,<\/li>\n<li>nawi\u0105zywania&nbsp; i podtrzymywania kontakt\u00f3w z kluczowymi klientami<\/li>\n<li>prowadzenia dyskusji i negocjacji oraz analizy danych marketingowych.<\/li>\n<\/ul>\n<p>Uczestnicy kursu naucz\u0105 si\u0119 m.in.:<\/p>\n<ul>\n<li>Jak zorganizowa\u0107 marketing w firmie?<\/li>\n<li>Jak zbudowa\u0107 strategie marketingow\u0105 dla przedsi\u0119biorstwa?<\/li>\n<li>Jakie znaczenie ma wizerunek dla cel\u00f3w sprzeda\u017cowych?<\/li>\n<li>Co wp\u0142ywa na podj\u0119cie przez konsumenta decyzji o zakupie?<\/li>\n<li>Jak ustala\u0107 metody marketingu pod k\u0105tem klienta?<\/li>\n<li>Jak wykorzystywa\u0107 mo\u017cliwo\u015bci jakie daj\u0105 portale spo\u0142eczno\u015bciowe ?<\/li>\n<li>Jak si\u0119 wykreowa\u0107?<\/li>\n<\/ul>\n<p>&nbsp;<\/p>\n<p><span style=\"color: #00ccff;\"><strong><span style=\"text-decoration: underline;\">Tre\u015bci kszta\u0142cenia w zakresie poszczeg\u00f3lnych zaj\u0119\u0107 edukacyjnych:<\/span><\/strong><\/span><\/p>\n<p>1. Poj\u0119cie marketingu &#8211; potrzebne definicje<\/p>\n<p>2. Wizerunek i wiarygodno\u015b\u0107 firmy i produktu<\/p>\n<p>&#8211;&nbsp;&nbsp;&nbsp;&nbsp;&nbsp;&nbsp;&nbsp;&nbsp; Czynniki tworz\u0105ce wizerunek firmy na rynku<\/p>\n<p>&#8211;&nbsp;&nbsp;&nbsp;&nbsp;&nbsp;&nbsp;&nbsp;&nbsp; Znaczenie wizerunku dla realizacji cel\u00f3w sprzeda\u017cy<\/p>\n<p>&#8211;&nbsp;&nbsp;&nbsp;&nbsp;&nbsp;&nbsp;&nbsp;&nbsp; Rola pracownika w tworzeniu wizerunku<\/p>\n<p>&#8211;&nbsp;&nbsp;&nbsp;&nbsp;&nbsp;&nbsp;&nbsp;&nbsp; Wdra\u017canie strategii budowania wizerunku firmy<\/p>\n<p>3. Strategia marketingowa firmy<\/p>\n<p>&#8211;&nbsp;&nbsp;&nbsp;&nbsp;&nbsp;&nbsp;&nbsp;&nbsp; Budowanie strategii marketingu&nbsp; z uwzgl\u0119dnieniem: produktu, ceny, kana\u0142\u00f3w dystrybucji, grupy odbiorc\u00f3w<\/p>\n<p>&#8211;&nbsp;&nbsp;&nbsp;&nbsp;&nbsp;&nbsp;&nbsp;&nbsp; Analiza SWOT firmy ( analiza si\u0142 i s\u0142abo\u015bci, szans i zagro\u017ce\u0144 firmy)<\/p>\n<p>&#8211;&nbsp;&nbsp;&nbsp;&nbsp;&nbsp;&nbsp;&nbsp;&nbsp; Opracowanie propozycji strategii marketingowej (\u0107wiczenia, opis przypadku, dyskusja)<\/p>\n<p>4. Komunikacja i wywieranie wp\u0142ywu<\/p>\n<p>&#8211; &nbsp; &nbsp; &nbsp; &nbsp; Budowanie zaufania w relacjach marketingowych<\/p>\n<p>&#8211;&nbsp;&nbsp;&nbsp;&nbsp;&nbsp;&nbsp;&nbsp;&nbsp; Typy zachowa\u0144 klient\u00f3w<\/p>\n<p>&#8211;&nbsp;&nbsp;&nbsp;&nbsp;&nbsp;&nbsp;&nbsp;&nbsp; Komunikacja werbalna i niewerbalna, elementy mowy cia\u0142a<\/p>\n<p>5. Badania marketingowe<\/p>\n<p>&#8211;&nbsp;&nbsp;&nbsp;&nbsp;&nbsp;&nbsp;&nbsp;&nbsp; Ustalanie metod marketingu pod k\u0105tem klienta<\/p>\n<p>&#8211;&nbsp;&nbsp;&nbsp;&nbsp;&nbsp;&nbsp;&nbsp;&nbsp; Rodzaje bada\u0144 marketingowych<\/p>\n<p>&#8211;&nbsp;&nbsp;&nbsp;&nbsp;&nbsp;&nbsp;&nbsp;&nbsp; Badania preferencji odbiorc\u00f3w<\/p>\n<p>&#8211;&nbsp;&nbsp;&nbsp;&nbsp;&nbsp;&nbsp;&nbsp;&nbsp; System wywiadu marketingowego<\/p>\n<p>&#8211;&nbsp;&nbsp;&nbsp;&nbsp;&nbsp;&nbsp;&nbsp;&nbsp; Wykorzystanie analiz strategicznych firmy i rynku<\/p>\n<p>6. Tradycyjne narz\u0119dzia marketingu<\/p>\n<p>&#8211;&nbsp;&nbsp;&nbsp;&nbsp;&nbsp;&nbsp;&nbsp;&nbsp; Komunikacja marketingowa<\/p>\n<p>&#8211;&nbsp;&nbsp;&nbsp;&nbsp;&nbsp;&nbsp;&nbsp;&nbsp; Promocja<\/p>\n<p>&#8211;&nbsp;&nbsp;&nbsp;&nbsp;&nbsp;&nbsp;&nbsp;&nbsp; Produkt, marka, cena<\/p>\n<p>&#8211;&nbsp;&nbsp;&nbsp;&nbsp;&nbsp;&nbsp;&nbsp;&nbsp; Dystrybucja<\/p>\n<p>&#8211;&nbsp;&nbsp;&nbsp;&nbsp;&nbsp;&nbsp;&nbsp;&nbsp; Tworzenie wizerunku produktu<\/p>\n<p>&#8211;&nbsp;&nbsp;&nbsp;&nbsp;&nbsp;&nbsp;&nbsp;&nbsp; Marketing internetowy<\/p>\n<p>7. PR jako element strategii marketingu firmy<\/p>\n<p>&#8211; &nbsp; &nbsp; &nbsp; &nbsp; Zasady wsp\u00f3\u0142pracy z mediami<\/p>\n<p>&#8211;&nbsp;&nbsp;&nbsp;&nbsp;&nbsp;&nbsp;&nbsp;&nbsp; Skuteczne komunikowanie si\u0119 z otoczeniem firmy<\/p>\n<p>8. Psychologia zachowa\u0144 i decyzje konsument\u00f3w ????<\/p>\n<p>&#8211;&nbsp;&nbsp;&nbsp;&nbsp;&nbsp;&nbsp;&nbsp;&nbsp; Psychologia zachowa\u0144 konsumenckich<\/p>\n<p>&#8211;&nbsp;&nbsp;&nbsp;&nbsp;&nbsp;&nbsp;&nbsp;&nbsp; Konsument w dzia\u0142aniu &#8211; uczenie si\u0119 , pami\u0119\u0107 , postawy<\/p>\n<p>&#8211;&nbsp;&nbsp;&nbsp;&nbsp;&nbsp;&nbsp;&nbsp;&nbsp; Proces podejmowania decyzji \u201ezakupowych\u201d<\/p>\n<p>&#8211; &nbsp;&nbsp;&nbsp;&nbsp;&nbsp;&nbsp;&nbsp; Rola emocji w podejmowaniu decyzji zakupu<\/p>\n<p>&#8211;&nbsp;&nbsp;&nbsp;&nbsp;&nbsp;&nbsp;&nbsp;&nbsp; Reakcje klienta na zabiegi marketingowe<\/p>\n<p>&#8211;&nbsp;&nbsp;&nbsp;&nbsp;&nbsp;&nbsp;&nbsp;&nbsp; Dlaczego Klienci odchodz\u0105<\/p>\n<p>9. Pozycjonowanie oferty handlowej i segmentacja rynku<\/p>\n<p>&#8211;&nbsp;&nbsp;&nbsp;&nbsp;&nbsp;&nbsp;&nbsp;&nbsp; Segmentacja a ocena rentowno\u015bci<\/p>\n<p>&#8211;&nbsp;&nbsp;&nbsp;&nbsp;&nbsp;&nbsp;&nbsp;&nbsp; Gdzie zamierzamy szuka\u0107 nowych klient\u00f3w ?<\/p>\n<p>&#8211;&nbsp;&nbsp;&nbsp;&nbsp;&nbsp;&nbsp;&nbsp;&nbsp; Co chcemy sprzedawa\u0107 ?<\/p>\n<p>\u0106wiczenie ( opis sytuacyjny, projektowanie), dyskusja<\/p>\n<p>10. Zasady budowania planu marketingowego<\/p>\n<p>&#8211;&nbsp;&nbsp;&nbsp;&nbsp;&nbsp;&nbsp;&nbsp;&nbsp; Okre\u015blanie celu<\/p>\n<p>&#8211;&nbsp;&nbsp;&nbsp;&nbsp;&nbsp;&nbsp;&nbsp;&nbsp; Prognozy i plany<\/p>\n<p>&#8211;&nbsp;&nbsp;&nbsp;&nbsp;&nbsp;&nbsp;&nbsp;&nbsp; Metody pozyskiwania informacji wewn\u0119trznej i z otoczenia rynkowego<\/p>\n<p>11. Prezentacja planu marketingowego<\/p>\n<p>&#8211;&nbsp;&nbsp;&nbsp;&nbsp;&nbsp;&nbsp;&nbsp;&nbsp; Bud\u017cet i kontrola realizacji<\/p>\n<p>&#8211;&nbsp;&nbsp;&nbsp;&nbsp;&nbsp;&nbsp;&nbsp;&nbsp; Sposoby prezentacji<\/p>\n","protected":false},"excerpt":{"rendered":"<p>Kurs Specjalista ds. Marketingu i Handlu Czas trwania i spos\u00f3b organizacji kursu: Kurs obejmuje 30 godzin lekcyjnych. Zaj\u0119cia s\u0105 prowadzone 2-3 razy w tygodniu w godzinach wieczornych 17.00-20.00 przez 4 tygodnie. Formy realizacji: Szkolenie ma przede wszystkim charakter warsztatowy (\u0107wiczenia, gra, case study, przyk\u0142ad) poprzez analiz\u0119 do wniosk\u00f3w i planu dzia\u0142ania. Wymagania wst\u0119pne dla uczestnik\u00f3w: &hellip; <a href=\"https:\/\/prominet.pl\/?page_id=1179\" class=\"more-link\">Continue reading<span class=\"screen-reader-text\"> &#8222;Kurs Specjalista ds. Marketingu i Handlu&#8221;<\/span><\/a><\/p>\n","protected":false},"author":1,"featured_media":0,"parent":421,"menu_order":92,"comment_status":"closed","ping_status":"open","template":"","meta":{"_monsterinsights_skip_tracking":false,"_monsterinsights_sitenote_active":false,"_monsterinsights_sitenote_note":"","_monsterinsights_sitenote_category":0,"_links_to":"","_links_to_target":""},"_links":{"self":[{"href":"https:\/\/prominet.pl\/index.php?rest_route=\/wp\/v2\/pages\/1179"}],"collection":[{"href":"https:\/\/prominet.pl\/index.php?rest_route=\/wp\/v2\/pages"}],"about":[{"href":"https:\/\/prominet.pl\/index.php?rest_route=\/wp\/v2\/types\/page"}],"author":[{"embeddable":true,"href":"https:\/\/prominet.pl\/index.php?rest_route=\/wp\/v2\/users\/1"}],"replies":[{"embeddable":true,"href":"https:\/\/prominet.pl\/index.php?rest_route=%2Fwp%2Fv2%2Fcomments&post=1179"}],"version-history":[{"count":12,"href":"https:\/\/prominet.pl\/index.php?rest_route=\/wp\/v2\/pages\/1179\/revisions"}],"predecessor-version":[{"id":2204,"href":"https:\/\/prominet.pl\/index.php?rest_route=\/wp\/v2\/pages\/1179\/revisions\/2204"}],"up":[{"embeddable":true,"href":"https:\/\/prominet.pl\/index.php?rest_route=\/wp\/v2\/pages\/421"}],"wp:attachment":[{"href":"https:\/\/prominet.pl\/index.php?rest_route=%2Fwp%2Fv2%2Fmedia&parent=1179"}],"curies":[{"name":"wp","href":"https:\/\/api.w.org\/{rel}","templated":true}]}}