{"id":1256,"date":"2012-04-24T09:11:22","date_gmt":"2012-04-24T09:11:22","guid":{"rendered":"http:\/\/prominet.pl\/?page_id=1256"},"modified":"2021-04-15T11:26:08","modified_gmt":"2021-04-15T11:26:08","slug":"szkolenie-platnik-zus","status":"publish","type":"page","link":"https:\/\/prominet.pl\/?page_id=1256","title":{"rendered":"Szkolenie P\u0142atnik ZUS"},"content":{"rendered":"<h1><span style=\"color: #99cc00;\">Kurs obs\u0142ugi programu P\u0142atnik ZUS<\/span><\/h1>\n<p><strong> <span style=\"color: #99cc00;\">CEL KURSU:<\/span><\/strong><\/p>\n<p>&#8211; b\u0142yskawiczne opanowanie obs\u0142ugi programu P\u0142atnik ZUS w wersji 9.01.001.A<\/p>\n<p><strong> <span style=\"color: #99cc00;\">CZAS TRWANIA:<\/span><\/strong><\/p>\n<p>4 godziny<\/p>\n<p><strong> <span style=\"color: #99cc00;\">CO UMO\u017bLIWIA KURS:<\/span><\/strong><\/p>\n<p>Uzyskanie praktycznej wiedzy z zakresu przesy\u0142ania danych do Zak\u0142adu Ubezpiecze\u0144 Spo\u0142ecznych za&nbsp; pomoc\u0105 programu P\u0142atnik. Prze\u0107wiczenie obs\u0142ugi programu P\u0142atnik dla r\u00f3\u017cnych form prawnych przedsi\u0119biorstw.<br \/>\nKurs jest prowadzony w formie warsztat\u00f3w, podczas kt\u00f3rych ka\u017cdy uczestnik zak\u0142ada w programie P\u0142atnik przyk\u0142adowych p\u0142atnik\u00f3w sk\u0142adek, a nast\u0119pnie wprowadza i wysy\u0142a deklaracje os\u00f3b ubezpieczonych oraz \u0107wiczy ich przesy\u0142anie do ZUS.<\/p>\n<p><strong> <span style=\"color: #99cc00;\">PROGRAM KURSU obejmuje m.in.:<\/span><\/strong><\/p>\n<ol start=\"1\">\n<li>Zapoznanie z menu programu oraz om\u00f3wienie funkcji programu P\u0142atnik ZUS w wersji 9.01.001.A<\/li>\n<li>Zak\u0142adanie kartoteki p\u0142atnika \u2013 organizacji pozarz\u0105dowej. Weryfikacja danych p\u0142atnika.<\/li>\n<li>Wprowadzanie i weryfikacja danych os\u00f3b ubezpieczonych<\/li>\n<li>Parametry i wska\u017aniki do ustalenia wysoko\u015bci sk\u0142adek<\/li>\n<li>Stawki procentowe sk\u0142adek ubezpiecze\u0144 spo\u0142ecznych, zdrowotnych i wypadkowych<\/li>\n<li>Ustalenie i wprowadzenie kwot na fundusz pracy<\/li>\n<li>Tworzenie dokument\u00f3w zg\u0142oszeniowych ZPA , ZUA , ZZA , ZFA<\/li>\n<li>Korygowanie dokument\u00f3w rozliczeniowych w programie<\/li>\n<li>Wype\u0142nianie dokument\u00f3w rozliczeniowych RCA , RZA , DRA, RSA<\/li>\n<li>Tworzenie zestaw\u00f3w dokument\u00f3w zg\u0142oszeniowych i rozliczeniowych<\/li>\n<li>Przesy\u0142anie zestaw\u00f3w danych do ZUS<\/li>\n<\/ol>\n","protected":false},"excerpt":{"rendered":"<p>Kurs obs\u0142ugi programu P\u0142atnik ZUS CEL KURSU: &#8211; b\u0142yskawiczne opanowanie obs\u0142ugi programu P\u0142atnik ZUS w wersji 9.01.001.A CZAS TRWANIA: 4 godziny CO UMO\u017bLIWIA KURS: Uzyskanie praktycznej wiedzy z zakresu przesy\u0142ania danych do Zak\u0142adu Ubezpiecze\u0144 Spo\u0142ecznych za&nbsp; pomoc\u0105 programu P\u0142atnik. Prze\u0107wiczenie obs\u0142ugi programu P\u0142atnik dla r\u00f3\u017cnych form prawnych przedsi\u0119biorstw. Kurs jest prowadzony w formie warsztat\u00f3w, podczas &hellip; <a href=\"https:\/\/prominet.pl\/?page_id=1256\" class=\"more-link\">Continue reading<span class=\"screen-reader-text\"> &#8222;Szkolenie P\u0142atnik ZUS&#8221;<\/span><\/a><\/p>\n","protected":false},"author":1,"featured_media":0,"parent":122,"menu_order":95,"comment_status":"closed","ping_status":"open","template":"","meta":{"_monsterinsights_skip_tracking":false,"_monsterinsights_sitenote_active":false,"_monsterinsights_sitenote_note":"","_monsterinsights_sitenote_category":0,"_links_to":"","_links_to_target":""},"_links":{"self":[{"href":"https:\/\/prominet.pl\/index.php?rest_route=\/wp\/v2\/pages\/1256"}],"collection":[{"href":"https:\/\/prominet.pl\/index.php?rest_route=\/wp\/v2\/pages"}],"about":[{"href":"https:\/\/prominet.pl\/index.php?rest_route=\/wp\/v2\/types\/page"}],"author":[{"embeddable":true,"href":"https:\/\/prominet.pl\/index.php?rest_route=\/wp\/v2\/users\/1"}],"replies":[{"embeddable":true,"href":"https:\/\/prominet.pl\/index.php?rest_route=%2Fwp%2Fv2%2Fcomments&post=1256"}],"version-history":[{"count":6,"href":"https:\/\/prominet.pl\/index.php?rest_route=\/wp\/v2\/pages\/1256\/revisions"}],"predecessor-version":[{"id":2192,"href":"https:\/\/prominet.pl\/index.php?rest_route=\/wp\/v2\/pages\/1256\/revisions\/2192"}],"up":[{"embeddable":true,"href":"https:\/\/prominet.pl\/index.php?rest_route=\/wp\/v2\/pages\/122"}],"wp:attachment":[{"href":"https:\/\/prominet.pl\/index.php?rest_route=%2Fwp%2Fv2%2Fmedia&parent=1256"}],"curies":[{"name":"wp","href":"https:\/\/api.w.org\/{rel}","templated":true}]}}