{"id":1304,"date":"2013-01-31T10:21:26","date_gmt":"2013-01-31T10:21:26","guid":{"rendered":"http:\/\/prominet.pl\/?page_id=1304"},"modified":"2021-04-15T11:32:23","modified_gmt":"2021-04-15T11:32:23","slug":"animator-zabaw","status":"publish","type":"page","link":"https:\/\/prominet.pl\/?page_id=1304","title":{"rendered":"Animator Zabaw"},"content":{"rendered":"<h1><span style=\"color: #008000;\">Szkolenie:<\/span> <strong><span style=\"color: #008000;\">Animator Zabaw<\/span><\/strong><\/h1>\n<h3><span style=\"color: #008000;\">Cel szkolenia:&nbsp;<\/span><\/h3>\n<p><span>Uzyskanie praktycznych umiej\u0119tno\u015bci z zakresu prowadzenia zabaw.<\/span><strong style=\"font-size: 13px;\"><span> &nbsp;<\/span><\/strong><span style=\"font-size: 13px;\">Uczestnicy poznaj\u0105 metodyk\u0119 zabaw integracyjnych oraz podstawowe narz\u0119dzia komunikacyjne animatora &#8211; s\u0142uchanie, zadawanie pyta\u0144, poszukiwanie konstruktywnych rozwi\u0105za\u0144.<\/span><\/p>\n<h3><span style=\"color: #008000;\">Forma szkolenia:<\/span><\/h3>\n<p>Zaj\u0119cia maj\u0105 charakter warsztatowy. Szkolenie jest urozmaicone przyk\u0142adami i aktywn\u0105 prac\u0105 uczestnik\u00f3w w odniesieniu do ich przyk\u0142ad\u00f3w.<\/p>\n<h3><span style=\"color: #008000;\">Program szkolenia:<\/span><\/h3>\n<p>1. Podstawy animacji.<\/p>\n<p>-Kim jest animator zabaw \u2013 okre\u015blenie kompetencji i cech animatora zabawy \u2013 praca w podgrupach.<\/p>\n<p>-Jakie zasoby, kompetencje ju\u017c mam, a jakie chcia\u0142abym rozwin\u0105\u0107. Autorefleksja. Praca w\u0142asna. Przedstawienie grupie.<\/p>\n<p>2. Gry i zabawy.<\/p>\n<p>-Gry i zabawy dotycz\u0105ce posiadanej wiedzy i umiej\u0119tno\u015bci.<\/p>\n<p>-Zabawa integracyjna \u201e\u0141owca autograf\u00f3w\u201d.<\/p>\n<p>-Stworzenie listy zabaw integracyjnych na zapoznanie si\u0119 uczestnik\u00f3w.<\/p>\n<p>-Gra \u201eWrzu\u0107 strach do kapelusza\u201d &#8211; Czego si\u0119 boj\u0105 uczestnicy zabaw i jak poprawi\u0107 poczucie bezpiecze\u0144stwa na zaj\u0119ciach prowadzonych przez animator\u00f3w.<\/p>\n<p>-Zabawa integracyjna \u201eKto tak samo jak ja\u201d.<\/p>\n<p>-Zabawy: &#8211; \u201eWitam Ci\u0119\u201d\u201e\u015apiewanki\u201d\u201eUstawienie grupy wg kryterium\u201d<\/p>\n<p>-\u201ePo\u017cegnanie z pi\u0142k\u0105\u201d \u2013 udzielenie informacji co by\u0142o dla mnie wa\u017cne na zaj\u0119ciach i jak mog\u0119 te do\u015bwiadczenia wykorzysta\u0107 w pracy.<\/p>\n<p>-Zaj\u0119cia taneczne i plastyczne<\/p>\n<p>3. Komunikacja i autoprezentacja.<\/p>\n<p>-Komunikacja niewerbalna \u2013 mowa cia\u0142a.<\/p>\n<p>-Komunikacja werbalna.<\/p>\n<p>-Autoprezentacja.<\/p>\n<p>-Wyst\u0105pienia publiczne.<\/p>\n<p>-Formy i sposoby komunikacji z grup\u0105.<\/p>\n","protected":false},"excerpt":{"rendered":"<p>Szkolenie: Animator Zabaw Cel szkolenia:&nbsp; Uzyskanie praktycznych umiej\u0119tno\u015bci z zakresu prowadzenia zabaw. &nbsp;Uczestnicy poznaj\u0105 metodyk\u0119 zabaw integracyjnych oraz podstawowe narz\u0119dzia komunikacyjne animatora &#8211; s\u0142uchanie, zadawanie pyta\u0144, poszukiwanie konstruktywnych rozwi\u0105za\u0144. Forma szkolenia: Zaj\u0119cia maj\u0105 charakter warsztatowy. Szkolenie jest urozmaicone przyk\u0142adami i aktywn\u0105 prac\u0105 uczestnik\u00f3w w odniesieniu do ich przyk\u0142ad\u00f3w. Program szkolenia: 1. Podstawy animacji. -Kim jest &hellip; <a href=\"https:\/\/prominet.pl\/?page_id=1304\" class=\"more-link\">Continue reading<span class=\"screen-reader-text\"> &#8222;Animator Zabaw&#8221;<\/span><\/a><\/p>\n","protected":false},"author":1,"featured_media":0,"parent":421,"menu_order":4,"comment_status":"closed","ping_status":"open","template":"","meta":{"_monsterinsights_skip_tracking":false,"_monsterinsights_sitenote_active":false,"_monsterinsights_sitenote_note":"","_monsterinsights_sitenote_category":0,"_links_to":"","_links_to_target":""},"_links":{"self":[{"href":"https:\/\/prominet.pl\/index.php?rest_route=\/wp\/v2\/pages\/1304"}],"collection":[{"href":"https:\/\/prominet.pl\/index.php?rest_route=\/wp\/v2\/pages"}],"about":[{"href":"https:\/\/prominet.pl\/index.php?rest_route=\/wp\/v2\/types\/page"}],"author":[{"embeddable":true,"href":"https:\/\/prominet.pl\/index.php?rest_route=\/wp\/v2\/users\/1"}],"replies":[{"embeddable":true,"href":"https:\/\/prominet.pl\/index.php?rest_route=%2Fwp%2Fv2%2Fcomments&post=1304"}],"version-history":[{"count":4,"href":"https:\/\/prominet.pl\/index.php?rest_route=\/wp\/v2\/pages\/1304\/revisions"}],"predecessor-version":[{"id":2199,"href":"https:\/\/prominet.pl\/index.php?rest_route=\/wp\/v2\/pages\/1304\/revisions\/2199"}],"up":[{"embeddable":true,"href":"https:\/\/prominet.pl\/index.php?rest_route=\/wp\/v2\/pages\/421"}],"wp:attachment":[{"href":"https:\/\/prominet.pl\/index.php?rest_route=%2Fwp%2Fv2%2Fmedia&parent=1304"}],"curies":[{"name":"wp","href":"https:\/\/api.w.org\/{rel}","templated":true}]}}