{"id":248,"date":"2009-09-23T15:48:59","date_gmt":"2009-09-23T14:48:59","guid":{"rendered":"http:\/\/prominet.pl\/?page_id=248"},"modified":"2009-10-06T19:24:37","modified_gmt":"2009-10-06T19:24:37","slug":"stanowiska-robotnicze","status":"publish","type":"page","link":"https:\/\/prominet.pl\/?page_id=248","title":{"rendered":"stanowiska robotnicze"},"content":{"rendered":"<h3><span style=\"color: #808000;\">Szkolenie okresowe BHP <\/span><span style=\"color: #808000;\">dla pracownik\u00f3w zatrudnionych na stanowiskach robotniczych<\/span>\u00a0\u00a0<\/h3>\n<p>\u00a0\u00a0 <span style=\"color: #99cc00;\"><span style=\"text-decoration: underline;\"><strong>Cel szkolenia:<\/strong><\/span><\/span><\/p>\n<p>Aktualizacja i uzupe\u0142nienie wiedzy i umiej\u0119tno\u015bci w szczeg\u00f3lno\u015bci z zakresu:<br \/>\na) przepis\u00f3w i zasad bezpiecze\u0144stwa i higieny pracy zwi\u0105zanych z wykonywan\u0105 prac\u0105,<br \/>\nb) zagro\u017ce\u0144 zwi\u0105zanych z wykonywan\u0105 prac\u0105 oraz metod ochrony przed tymi zagro\u017ceniami,<br \/>\nc) post\u0119powania w razie wypadku i w sytuacjach zagro\u017ce\u0144.<\/p>\n<p id=\"a\">\u00a0\u00a0 <span style=\"color: #99cc00;\"><span style=\"text-decoration: underline;\"><strong>Uczestnicy szkolenia:<\/strong><\/span><\/span><\/p>\n<p>Szkolenie jest przeznaczone dla os\u00f3b nowozatrudnionych na stanowiskach robotniczych, a tak\u017ce dla pracownik\u00f3w kt\u00f3rym up\u0142ywa termin 3 lat od poprzedniego szkolenia okresowego BHP.<\/p>\n<p id=\"a\"><strong>\u00a0\u00a0 <span style=\"color: #99cc00;\"><span style=\"text-decoration: underline;\">Spos\u00f3b organizacji szkolenia:<\/span><\/span><\/strong><\/p>\n<p>Szkolenie jest przeprowadzane w formie instrukta\u017cu &#8211; na podstawie szczeg\u00f3\u0142owego programu opracowanego przez organizatora. Zawiera tak\u017ce wyk\u0142ad \/ pogadank\u0119 z ew. filmem instrukta\u017cowym, om\u00f3wienie okoliczno\u015bci i przyczyn charakterystycznych (dla prac wykonywanych przez uczestnik\u00f3w szkolenia) wypadk\u00f3w przy pracy oraz wniosk\u00f3w profilaktycznych.<\/p>\n<p>\u00a0\u00a0 <span style=\"color: #99cc00;\"><span style=\"text-decoration: underline;\"><strong>Czas trwania:<\/strong><\/span><\/span><\/p>\n<p>8 godzin<\/p>\n<p>\u00a0\u00a0 <span style=\"color: #99cc00;\"><span style=\"text-decoration: underline;\"><strong>Co umo\u017cliwia szkolenie:<\/strong><\/span><\/span><\/p>\n<p><strong>\u00a0<\/strong><br \/>\nSzkolenie umo\u017cliwia uzyskanie za\u015bwiadczenia wymaganego przepisami Prawa Pracy. Szkolenie ko\u0144czy si\u0119 egzaminem sprawdzaj\u0105cym przyswojenie przez uczestnika szkolenia wiedzy obj\u0119tej programem szkolenia oraz umiej\u0119tno\u015bci wykonywania lub organizowania pracy zgodnie z przepisami i zasadami bezpiecze\u0144stwa i higieny pracy. Uczestnicy, kt\u00f3rzy zalicz\u0105 test pozytywnie otrzymuj\u0105 za\u015bwiadczenie o uko\u0144czeniu szkolenia w dziedzinie bezpiecze\u0144stwa i higieny pracy zgodnie z Rozporz\u0105dzeniem Ministra Gospodarki i Pracy z dnia 27 lipca 2004 r.<\/p>\n","protected":false},"excerpt":{"rendered":"<p>Szkolenie okresowe BHP dla pracownik\u00f3w zatrudnionych na stanowiskach robotniczych\u00a0\u00a0 \u00a0\u00a0 Cel szkolenia: Aktualizacja i uzupe\u0142nienie wiedzy i umiej\u0119tno\u015bci w szczeg\u00f3lno\u015bci z zakresu: a) przepis\u00f3w i zasad bezpiecze\u0144stwa i higieny pracy zwi\u0105zanych z wykonywan\u0105 prac\u0105, b) zagro\u017ce\u0144 zwi\u0105zanych z wykonywan\u0105 prac\u0105 oraz metod ochrony przed tymi zagro\u017ceniami, c) post\u0119powania w razie wypadku i w sytuacjach zagro\u017ce\u0144. &hellip; <a href=\"https:\/\/prominet.pl\/?page_id=248\" class=\"more-link\">Continue reading<span class=\"screen-reader-text\"> &#8222;stanowiska robotnicze&#8221;<\/span><\/a><\/p>\n","protected":false},"author":1,"featured_media":0,"parent":246,"menu_order":118,"comment_status":"closed","ping_status":"open","template":"","meta":{"_monsterinsights_skip_tracking":false,"_monsterinsights_sitenote_active":false,"_monsterinsights_sitenote_note":"","_monsterinsights_sitenote_category":0,"_links_to":"","_links_to_target":""},"_links":{"self":[{"href":"https:\/\/prominet.pl\/index.php?rest_route=\/wp\/v2\/pages\/248"}],"collection":[{"href":"https:\/\/prominet.pl\/index.php?rest_route=\/wp\/v2\/pages"}],"about":[{"href":"https:\/\/prominet.pl\/index.php?rest_route=\/wp\/v2\/types\/page"}],"author":[{"embeddable":true,"href":"https:\/\/prominet.pl\/index.php?rest_route=\/wp\/v2\/users\/1"}],"replies":[{"embeddable":true,"href":"https:\/\/prominet.pl\/index.php?rest_route=%2Fwp%2Fv2%2Fcomments&post=248"}],"version-history":[{"count":12,"href":"https:\/\/prominet.pl\/index.php?rest_route=\/wp\/v2\/pages\/248\/revisions"}],"predecessor-version":[{"id":250,"href":"https:\/\/prominet.pl\/index.php?rest_route=\/wp\/v2\/pages\/248\/revisions\/250"}],"up":[{"embeddable":true,"href":"https:\/\/prominet.pl\/index.php?rest_route=\/wp\/v2\/pages\/246"}],"wp:attachment":[{"href":"https:\/\/prominet.pl\/index.php?rest_route=%2Fwp%2Fv2%2Fmedia&parent=248"}],"curies":[{"name":"wp","href":"https:\/\/api.w.org\/{rel}","templated":true}]}}