{"id":256,"date":"2009-09-23T16:11:35","date_gmt":"2009-09-23T15:11:35","guid":{"rendered":"http:\/\/prominet.pl\/?page_id=256"},"modified":"2018-12-03T18:32:28","modified_gmt":"2018-12-03T18:32:28","slug":"instruktaz-ogolny","status":"publish","type":"page","link":"https:\/\/prominet.pl\/?page_id=256","title":{"rendered":"Instrukta\u017c Og\u00f3lny"},"content":{"rendered":"<h2><span style=\"color: #99ccff;\">instrukta\u017c og\u00f3lny<\/span><\/h2>\n<div id=\"a\"><strong><span style=\"color: #99ccff;\"><span style=\"text-decoration: underline;\">\u00a0\u00a0 Cel szkolenia:<\/span><\/span><\/strong><\/div>\n<p>Celem instrukta\u017cu og\u00f3lnego zwanego te\u017c szkoleniem wst\u0119pnym og\u00f3lnym jest zaznajomienie pracownika w szczeg\u00f3lno\u015bci z:<br \/>\na) podstawowymi przepisami bezpiecze\u0144stwa i higieny pracy zawartymi w Kodeksie pracy, w uk\u0142adach zbiorowych pracy lub w regulaminach pracy,<br \/>\nb) przepisami oraz zasadami bezpiecze\u0144stwa i higieny pracy obowi\u0105zuj\u0105cymi w danym zak\u0142adzie pracy,<br \/>\nc) zasadami udzielania pierwszej pomocy w razie wypadku.<\/p>\n<div id=\"a\"><strong><span style=\"color: #99ccff;\"><span style=\"text-decoration: underline;\">\u00a0\u00a0 Uczestnicy szkolenia:<\/span><\/span><\/strong><\/div>\n<p>Instrukta\u017c og\u00f3lny odbywa si\u0119 przed dopuszczeniem do wykonywania pracy. Uczestnikami instrukta\u017cu s\u0105:<br \/>\n&#8211; nowo zatrudnieni pracownicy,<br \/>\n&#8211; studenci odbywaj\u0105cy u pracodawcy praktyk\u0119 studenck\u0105 oraz<br \/>\n&#8211; uczniowie szk\u00f3\u0142 zawodowych zatrudnieni w celu praktycznej nauki zawodu.<\/p>\n<div><strong>\u00a0\u00a0 <span style=\"color: #99ccff;\"><span style=\"text-decoration: underline;\">Spos\u00f3b organizacji szkolenia:<\/span><\/span><\/strong><\/div>\n<div>Instrukta\u017c odbywa si\u0119 przed rozpocz\u0119ciem przez pracownika pracy w danym zak\u0142adzie pracy na podstawie szczeg\u00f3\u0142owego programu opracowanego przez organizatora szkolenia. Podczas szkolenia s\u0105 stosowane odpowiednie pomoce dydaktyczne, takie jak: filmy, tablice, folie do wy\u015bwietlania informacji, \u015brodki do udzielania pierwszej pomocy w razie wypadku.<\/div>\n<div><strong><span style=\"color: #99ccff;\"><span style=\"text-decoration: underline;\">\u00a0\u00a0 Czas trwania:<\/span><\/span><\/strong><\/div>\n<div>\n3 godziny dydaktyczne<\/div>\n<div><strong>\u00a0\u00a0 <span style=\"color: #99ccff;\"><span style=\"text-decoration: underline;\">Co umo\u017cliwia szkolenie<\/span><\/span><\/strong><\/div>\n<div>\nInstrukta\u017c og\u00f3lny zapewnia uczestnikom zapoznanie si\u0119 z podstawowymi przepisami bezpiecze\u0144stwa i higieny pracy zawartymi w Kodeksie pracy, w uk\u0142adach zbiorowych pracy lub w regulaminach pracy, z przepisami oraz zasadami bezpiecze\u0144stwa i higieny pracy obowi\u0105zuj\u0105cymi w danym zak\u0142adzie pracy, a tak\u017ce z zasadami udzielania pierwszej pomocy w razie wypadku.<br \/>\nOdbycie instrukta\u017cu og\u00f3lnego pracownik potwierdza na pi\u015bmie w karcie szkolenia wst\u0119pnego, kt\u00f3ra jest przechowywana w aktach osobowych pracownika i rozpoczyna prac\u0119.<\/div>\n","protected":false},"excerpt":{"rendered":"<p>instrukta\u017c og\u00f3lny \u00a0\u00a0 Cel szkolenia: Celem instrukta\u017cu og\u00f3lnego zwanego te\u017c szkoleniem wst\u0119pnym og\u00f3lnym jest zaznajomienie pracownika w szczeg\u00f3lno\u015bci z: a) podstawowymi przepisami bezpiecze\u0144stwa i higieny pracy zawartymi w Kodeksie pracy, w uk\u0142adach zbiorowych pracy lub w regulaminach pracy, b) przepisami oraz zasadami bezpiecze\u0144stwa i higieny pracy obowi\u0105zuj\u0105cymi w danym zak\u0142adzie pracy, c) zasadami udzielania pierwszej &hellip; <a href=\"https:\/\/prominet.pl\/?page_id=256\" class=\"more-link\">Continue reading<span class=\"screen-reader-text\"> &#8222;Instrukta\u017c Og\u00f3lny&#8221;<\/span><\/a><\/p>\n","protected":false},"author":1,"featured_media":0,"parent":246,"menu_order":122,"comment_status":"closed","ping_status":"open","template":"","meta":{"_monsterinsights_skip_tracking":false,"_monsterinsights_sitenote_active":false,"_monsterinsights_sitenote_note":"","_monsterinsights_sitenote_category":0,"_links_to":"","_links_to_target":""},"_links":{"self":[{"href":"https:\/\/prominet.pl\/index.php?rest_route=\/wp\/v2\/pages\/256"}],"collection":[{"href":"https:\/\/prominet.pl\/index.php?rest_route=\/wp\/v2\/pages"}],"about":[{"href":"https:\/\/prominet.pl\/index.php?rest_route=\/wp\/v2\/types\/page"}],"author":[{"embeddable":true,"href":"https:\/\/prominet.pl\/index.php?rest_route=\/wp\/v2\/users\/1"}],"replies":[{"embeddable":true,"href":"https:\/\/prominet.pl\/index.php?rest_route=%2Fwp%2Fv2%2Fcomments&post=256"}],"version-history":[{"count":2,"href":"https:\/\/prominet.pl\/index.php?rest_route=\/wp\/v2\/pages\/256\/revisions"}],"predecessor-version":[{"id":2012,"href":"https:\/\/prominet.pl\/index.php?rest_route=\/wp\/v2\/pages\/256\/revisions\/2012"}],"up":[{"embeddable":true,"href":"https:\/\/prominet.pl\/index.php?rest_route=\/wp\/v2\/pages\/246"}],"wp:attachment":[{"href":"https:\/\/prominet.pl\/index.php?rest_route=%2Fwp%2Fv2%2Fmedia&parent=256"}],"curies":[{"name":"wp","href":"https:\/\/api.w.org\/{rel}","templated":true}]}}