{"id":919,"date":"2010-11-16T13:27:57","date_gmt":"2010-11-16T13:27:57","guid":{"rendered":"http:\/\/prominet.pl\/?page_id=919"},"modified":"2021-04-15T11:02:32","modified_gmt":"2021-04-15T11:02:32","slug":"procedury-kontroli","status":"publish","type":"page","link":"https:\/\/prominet.pl\/?page_id=919","title":{"rendered":"Procedury kontroli zarz\u0105dczej"},"content":{"rendered":"<h3><span style=\"color: #800000;\"><strong>SZKOLENIE : PROCEDURY KONTROLI ZARZ\u0104DCZEJ \u2013<\/strong><\/span><\/h3>\n<h3><span style=\"color: #800000;\"><strong>NOWE ZASTOSOWANIE W PRAKTYCE<br \/>\n<\/strong><\/span><\/h3>\n<p><strong> <\/strong><\/p>\n<p><strong> <\/strong><\/p>\n<ol>\n<li>Procedury kontroli finansowej a procedury      kontroli zarz\u0105dczej, r\u00f3\u017cnice i podobie\u0144stwa (mo\u017cliwo\u015b\u0107 wykorzystania      obecnie obowi\u0105zuj\u0105cych procedur kontroli finansowej).<\/li>\n<li>Odpowiedzialno\u015b\u0107 za wdro\u017cenie i przestrzeganie      procedur kontroli zarz\u0105dczej.<\/li>\n<li>Wp\u0142yw zmian w ustawie o finansach publicznych na      konstrukcj\u0119 procedur kontroli zarz\u0105dczej.<\/li>\n<li>Interpretacja procedur kontroli zarz\u0105dczej      okre\u015blonych w Komunikacie Ministra Finans\u00f3w&nbsp; Konstrukcja bud\u017cetu zadaniowego.<\/li>\n<li>Szczeg\u00f3\u0142owe om\u00f3wienie procedur obowi\u0105zuj\u0105cych w      jednostkach samorz\u0105du terytorialnego, z uwzgl\u0119dnieniem wymog\u00f3w ustawowych      i przepis\u00f3w wykonawczych.<\/li>\n<li>Analiza ryzyka \u2013 studium przypadku<\/li>\n<li>Bud\u017cet zadaniowy \u2013 pomiar efektywno\u015bci i      skuteczno\u015bci \u2013 zaj\u0119cia warsztatowe<\/li>\n<\/ol>\n<p><span style=\"color: #800000;\"><strong>CZAS TRWANIA:<\/strong><\/span><strong> <\/strong><\/p>\n<p>w godz. 9.00 \u2013 15.00<\/p>\n<p><strong> <\/strong><\/p>\n<p><strong> <\/strong><\/p>\n<p><span style=\"color: #800000;\"><strong>WYK\u0141ADOWCA:<\/strong><\/span><\/p>\n<p><strong>El\u017cbieta Giza:<\/strong> wyk\u0142adowca\/trener szkolenia z zakresu kontroli wewn\u0119trznej w praktyce. Posiada&nbsp; Za\u015bwiadczenie Audytora Wewn\u0119trznego wydane przez Ministra Finans\u00f3w . Do\u015bwiadczenie audytorskie:&nbsp; przeprowadzenie kilkudziesi\u0119ciu audyt\u00f3w operacyjnych, dzia\u0142alno\u015bci i finansowych w jednostkach sektora finans\u00f3w publicznych w okresie od 2003 do 2008, organizacja szkolenia dla audytor\u00f3w Unii Metropolii Miast w 2008r, wsp\u00f3\u0142praca z jednostkami kontroluj\u0105cymi funkcjonowanie sektora finans\u00f3w publicznych, NIK i UKS.W okresie od 2001 do&nbsp; 2008 prowadzenie szkole\u0144&nbsp; z zakresu procedur i metod pracy audytora w jednostce&nbsp; sektora finans\u00f3w publicznych, sporz\u0105dzania&nbsp; planu audytu,&nbsp; procedur kontroli&nbsp; finansowej w jednostkach sektora finans\u00f3w publicznych,&nbsp; podstaw prawnych&nbsp; funkcjonowania kontroli i audytu, finans\u00f3w i rachunkowo\u015bci og\u00f3lnej i bud\u017cetowej.<\/p>\n","protected":false},"excerpt":{"rendered":"<p>SZKOLENIE : PROCEDURY KONTROLI ZARZ\u0104DCZEJ \u2013 NOWE ZASTOSOWANIE W PRAKTYCE Procedury kontroli finansowej a procedury kontroli zarz\u0105dczej, r\u00f3\u017cnice i podobie\u0144stwa (mo\u017cliwo\u015b\u0107 wykorzystania obecnie obowi\u0105zuj\u0105cych procedur kontroli finansowej). Odpowiedzialno\u015b\u0107 za wdro\u017cenie i przestrzeganie procedur kontroli zarz\u0105dczej. Wp\u0142yw zmian w ustawie o finansach publicznych na konstrukcj\u0119 procedur kontroli zarz\u0105dczej. Interpretacja procedur kontroli zarz\u0105dczej okre\u015blonych w Komunikacie Ministra &hellip; <a href=\"https:\/\/prominet.pl\/?page_id=919\" class=\"more-link\">Continue reading<span class=\"screen-reader-text\"> &#8222;Procedury kontroli zarz\u0105dczej&#8221;<\/span><\/a><\/p>\n","protected":false},"author":1,"featured_media":0,"parent":917,"menu_order":50,"comment_status":"closed","ping_status":"open","template":"","meta":{"_monsterinsights_skip_tracking":false,"_monsterinsights_sitenote_active":false,"_monsterinsights_sitenote_note":"","_monsterinsights_sitenote_category":0,"_links_to":"","_links_to_target":""},"_links":{"self":[{"href":"https:\/\/prominet.pl\/index.php?rest_route=\/wp\/v2\/pages\/919"}],"collection":[{"href":"https:\/\/prominet.pl\/index.php?rest_route=\/wp\/v2\/pages"}],"about":[{"href":"https:\/\/prominet.pl\/index.php?rest_route=\/wp\/v2\/types\/page"}],"author":[{"embeddable":true,"href":"https:\/\/prominet.pl\/index.php?rest_route=\/wp\/v2\/users\/1"}],"replies":[{"embeddable":true,"href":"https:\/\/prominet.pl\/index.php?rest_route=%2Fwp%2Fv2%2Fcomments&post=919"}],"version-history":[{"count":7,"href":"https:\/\/prominet.pl\/index.php?rest_route=\/wp\/v2\/pages\/919\/revisions"}],"predecessor-version":[{"id":2185,"href":"https:\/\/prominet.pl\/index.php?rest_route=\/wp\/v2\/pages\/919\/revisions\/2185"}],"up":[{"embeddable":true,"href":"https:\/\/prominet.pl\/index.php?rest_route=\/wp\/v2\/pages\/917"}],"wp:attachment":[{"href":"https:\/\/prominet.pl\/index.php?rest_route=%2Fwp%2Fv2%2Fmedia&parent=919"}],"curies":[{"name":"wp","href":"https:\/\/api.w.org\/{rel}","templated":true}]}}